the first derivative of -1/8*v**4 + 2/3*v**3 - 5/2*v**2 - 1 - 1/60*v**5 + 0*v. Let t(p) be the second derivative of o(p). Give t(-5).
-6
Let g(p) = p - 2. Let v(b) = 16*b - 9. Let j be v(1). Determine g(j).
5
Let z = 5 - 8. Suppose 11*y - 12*y + 36 = 0. Let b(r) = -3*r**2 + 17 - 3*r + 20 - y - r**3. Determine b(z).
10
Let a(u) be the first derivative of 26*u**3/3 + u**2/2 - 98. Give a(-1).
25
Suppose -2*t + z - 4*z + 33 = 0, 3 = t - 3*z. Suppose -8 - t = -5*c. Suppose n - 4*n = c*r + 10, 2*n = r + 8. Let y(d) = d**3 - d**2 + 1. Give y(n).
5
Let q(s) = s**2 + 2*s + 2. Suppose -3*t = 4*u + 10, t + 6 = -2*u - 0*u. Suppose 4*l + 1 = 2*p - 5, 6 = t*p - l. Suppose -p*x + 2*x = 2. Give q(x).
2
Let o(p) = -10*p + p - p**2 - 229 + 221. Let m be (-1 + (-6)/3)*2. Give o(m).
10
Let b(w) = w**3 - 6*w**2 - w + 1. Suppose -3*d = -q - 55, 0 = d - 0*q + 2*q - 9. Let z = d + -11. Let p be b(z). Let a(m) = -m**3 - 5*m**2 + 6. Calculate a(p).
6
Let i(p) = p**2 + 4*p - 3. Let s(o) = o + 36. Let m be s(-6). Suppose -m = 3*f + 3*f. Determine i(f).
2
Let h(z) = -z**3 - 6*z**2 + 5*z - 9. Let k be h(-7). Suppose -3*x = 4*r - 34, -2*r + 7 = -4*x + 1. Let i(g) = 0*g + g - r + 9. Give i(k).
7
Suppose -5*p - 7 = 4*b, 3*p + 3*b + 17 = 11. Let v(l) = 3 + l - 4 + 3*l + 0. Determine v(p).
3
Let n(d) = -d + 14. Suppose -13*m + 9*m = 56. Let s be (-11)/(-22)*(0 - m). Give n(s).
7
Let v(d) = -2*d - 2. Suppose 0 = 7*i - 2*i - 70. Suppose 4*t = 6*t + i. Determine v(t).
12
Suppose 0 = -2*m + 17*m - 90. Let r(c) = c**2 - 5*c - 16. Determine r(m).
-10
Let h(w) = 6*w + 4. Let o(i) = i + 3*i + 5*i + 7 + 2*i. Let t(v) = 5*h(v) - 3*o(v). Let b be (-38)/34 - (-20)/170. Calculate t(b).
2
Let d(j) be the first derivative of -1/2*j**2 - 1/20*j**5 - 9 - 1/6*j**4 - 1/6*j**3 - 9*j. Let v(r) be the first derivative of d(r). Give v(-2).
1
Let m(b) = -b**3 - 6*b**2 - 6*b - 2. Let x = -186 + 308. Let d be 3 + (x/(-18) - (-6)/(-27)). Give m(d).
-10
Let f(w) = w**2 + 4*w - 1. Let r(o) = 5*o**2 - 41*o + 6. Let n be r(8). Give f(n).
-5
Let l(z) be the second derivative of -z**5/20 + 13*z**4/12 - 37*z**3/6 - 9*z**2 + 235*z. Calculate l(8).
6
Let q(h) = -h - 19. Let o be q(-18). Let f(x) = 0 - 7*x + 3 - 4. Let n(z) = -z. Let y(l) = o*f(l) + 6*n(l). Calculate y(-4).
-3
Let b(c) be the second derivative of -c**3 + 8*c**2 + 10*c - 7. What is b(6)?
-20
Suppose -16 = 5*y + 2*t + 2, -5*y + 2*t - 22 = 0. Let c(l) = l + 4 + 3*l - l - l**3 - 3*l**2. Calculate c(y).
8
Let i(o) be the third derivative of o**6/120 - 2*o**3 + 27*o**2 - 2*o. Give i(0).
-12
Let j be 3 + (-1)/((-8)/(-32)). Let i(o) = -33*o**2 - 1. Give i(j).
-34
Let j(g) be the third derivative of -5*g**4/24 - 8*g**3/3 - 519*g**2. Calculate j(-2).
-6
Let d be (-2)/((-2 - -1)*-1). Let b be 7 - (d/(-2) + -3). Suppose -2*s = -1 - b. Let j(x) = -x**2 + 4*x - 1. What is j(s)?
-6
Suppose 6 = -11*j + 14*j. Suppose -3*n + 27 = -3*a, -5*n = -j*a - 0*a - 42. Suppose 3*h - 29 = -n. Let s(b) = -b**2 + 7*b - 3. Calculate s(h).
-3
Let f(a) = -1 - 79*a - 85*a - 85*a + 248*a. What is f(6)?
-7
Let i(o) = -o**3 + 16*o**2 - 27*o - 8. Let s(f) = -4*f**2 - 146*f + 88. Let r be s(-37). Determine i(r).
6
Let z(u) = 2*u + 4. Let n(k) = -2*k**3 + 57*k**2 + 30*k - 29. Let g be n(29). Determine z(g).
4
Let k be ((-50)/(-5))/(-1 - -3). Suppose -5*m = -2*m - k*u + 5, 2*m = 2*u - 2. Suppose -3*x + x - 2 = m. Let g(c) = -5*c. Give g(x).
5
Let g(l) = -5*l + 4. Let j be g(1). Let f(z) = 40*z**3 - 1. Determine f(j).
-41
Let f(p) = -p**2 + 4*p + 7. Let c(v) = -85*v - 1. Let o be c(-1). Suppose -59 = 5*l - o. Calculate f(l).
2
Let a be (2 - 0/1) + (-136 - -139). Let b(p) = p**2 - 6*p + 1. Calculate b(a).
-4
Let t(h) = 2*h + 0 + 4 - 2*h - 6*h**2 + 0*h - h**3 - h. Calculate t(-6).
10
Let i(y) be the first derivative of y**4/4 - 3*y**3 + 4*y**2 + 8*y - 1. Let r(q) = -24*q + 464. Let v be r(19). What is i(v)?
8
Let h(r) be the third derivative of 20 + 0*r + 2*r**2 + 1/8*r**4 + 1/6*r**3. What is h(-3)?
-8
Suppose 26 = -18*b - 64. Let p(n) = n**3 + 6*n**2 + 3*n + 7. What is p(b)?
17
Let q = 689 - 693. Let l(b) = 2*b**2 + 2*b + 2. Let c(m) = 3*m**2 + 3*m + 5. Let d(a) = 3*c(a) - 5*l(a). Determine d(q).
-7
Let y(x) = x**3 - 7*x**2 - 8*x + 3. Suppose 4*g + 91 = 263. Suppose -a = 5*w - g, -9 = -2*a - 3. Give y(w).
3
Let m(d) = 119*d**2 + 112*d**2 - 230*d**2 + 11*d - 29. Let u be m(-13). Let o(t) = t**3 + 4*t**2 + 5*t + 4. Calculate o(u).
-2
Suppose 5*q = -25 + 40. Suppose -3*i - 5*v - 24 = 0, -3*v - 15 = q*i - i. Let y(t) = t**2 + 4*t + 1. Calculate y(i).
-2
Let d(q) = -q**2 - 14*q - 8. Let m(j) = -3*j**2 - 3 + 27*j + 18 + 4*j**2 + j**2. Let f(o) = 11*d(o) + 6*m(o). Give f(-7).
-5
Suppose -3*q + 12 + 0 = 0. Suppose -q*s - 3*z - 12 = 0, z + 1 - 17 = 2*s. Let n(f) = 2*f + 7. What is n(s)?
-5
Let f(b) = 6*b + 2. Suppose 0 = -6*a - 13*a + 38. Determine f(a).
14
Let d = -44 - -47. Let i(x) be the second derivative of 1/2*x**3 - 2*x + 1/20*x**5 + 0 - 1/4*x**4 - 1/2*x**2. Give i(d).
8
Let y(a) = a**2 + 3*a - 1. Suppose -u = 4*u - 15. Suppose -f - 1 = -w, u*f - 1 = -0*f + 2*w. Suppose -4*g = q - 7*g, -5*g + 4 = -f*q. Determine y(q).
-1
Let s(p) be the first derivative of p**6/120 - 2*p**5/15 - p**4/12 + 5*p**3/3 - 9*p**2 - 16. Let g(u) be the second derivative of s(u). Determine g(8).
-6
Let i(x) = -2*x - 2. Let g be -5 + (0 - -2 - -1) + 137. Let y be (g/(-54))/((-10)/16). Give i(y).
-10
Let b(r) = -4 + r**3 + 2*r**2 + 2 - r + 4. Let g(w) = 4*w**3 + 2*w**2 - 1. Let c(d) = -d**2 - d - 1. Let k be c(0). Let j be g(k). Determine b(j).
-4
Let f(m) be the first derivative of -6*m + 5*m**2 + 1/4*m**4 + 18 - 8/3*m**3. What is f(7)?
15
Let m(c) = -c**3 + 8*c**2 - c + 9. Let d = 57 + -32. Suppose -3*p + d = -q + 4, -4*p + 4*q + 20 = 0. Determine m(p).
1
Let i(s) = 2*s - 6. Let u(o) = o + 1. Let f(t) = i(t) - u(t). Let v(m) = 2*m**2 + 22*m - 75. Let a be v(3). Calculate f(a).
2
Let p(g) = 5*g + 11. Let d be p(18). Let s(t) = 2*t + d - 3*t + t**2 - 97 - t**3 + 0*t. Let y be 2/(-6) - (-2)/6. Determine s(y).
4
Let h(n) = -n + 18. Let w be h(16). Let l(g) = 1 - 7*g - w*g**2 + 5*g - 2. What is l(-1)?
-1
Let d(n) = -n**3 - 2*n**2. Suppose 3*j = 4*t - 62 - 94, 3*t - j - 122 = 0. Suppose t*g + 10 = 47*g. Calculate d(g).
-16
Suppose 0 = -5*h - 2*k + 82, 4*h + 5*k = h + 34. Let j = 13 - h. Let y(v) = 7*v + 11. Let q(u) = 6*u + 10. Let g(z) = -5*q(z) + 4*y(z). Give g(j).
4
Let o(q) = -q**2 - q - 18. Let k(h) = 5*h**2 + 4*h + 72. Let w(r) = 2*k(r) + 9*o(r). Let m be w(0). Let v = m + 24. Let x(t) = -t**2 + 3*t + 5. Determine x(v).
-13
Suppose -4*z + 0*z - 2*l + 18 = 0, 0 = -z + 3*l - 13. Let h(p) = 1 - 16*p - 5 - p**z + 1 + 6*p. Give h(-9).
6
Let w(x) = -3*x**2 - 2*x - 3. Suppose 7*n - 2*n - 4*n = 0. Suppose n = 2*o - 4*o - 10, 3*f + o = -11. Determine w(f).
-11
Let q(f) = f**2 - f + 1. Let d(u) = 7 + 4*u**2 + 10 - 16 - 2*u. Let m(s) = d(s) - 2*q(s). Determine m(1).
1
Suppose s = 13 - 22. Let n(w) be the third derivative of -w**4/24 - 17*w**3/6 + w**2 + 47. Determine n(s).
-8
Suppose 3*n + 3*r = r + 24, -n = -r - 8. Suppose 0 = 3*x + 9, -5*a - 4*x = -5 - n. Let o(m) = m**2 - 5*m + 3. What is o(a)?
3
Let j(b) be the third derivative of 34*b**2 - 3/2*b**3 - 1/60*b**5 + 0 - 3/8*b**4 + 0*b. Let q = 4 + -10. Calculate j(q).
9
Let c(u) = u**3 + 8*u**2 - 10*u - 14. Let g be c(-9). Let p(a) = -2*a + 2. Determine p(g).
12
Let u(h) = -3*h**3 + 2*h**2 + 3*h + 5. Let g(n) = -n**3 + 2*n**2 + n. Let r(i) = 2*g(i) - u(i). Give r(-4).
-33
Suppose 4*h + u + 49 = -146, 0 = -4*u - 12. Let x be (3/(-6))/(2/h). Let q(c) = -c - 2 + 3 + 2*c - x. Calculate q(8).
-3
Let s(x) = -x**2 + 5*x + 4. Let m(c) = c**2 + 7*c + 5. Let r be m(-7). Calculate s(r).
4
Let d(u) = 5*u**3 - 4*u**2 + 4*u + 4. Let o(q) = 4*q**3 - 3*q**2 + 3*q + 4. Let s(p) = 3*d(p) - 4*o(p). Let n be (-2 + -5 + 7)/1. Determine s(n).
-4
Let n(r) = -r**3 - 11*r**2 - 2*r - 4. Let l(x) = -x**3 - 9*x**2 - 3*x - 4. Let i(d) = -3*l(d) + 2*n(d). Calculate i(-3).
7
Let c(w) = 6 + 13*w**2 - 5*w**2 - 7*w**2 + 9*w. Let f be c(-9). Let u(v) = v**2 - 9*v + 9. Calculate u(f).
-9
Suppose 6 = 3*o, 0 = s + 4*o - 28 + 21. Let p(w) = -10*w - 2. What is p(s)?
8
Suppose -5*w + 17 - 6 = -3*g, 3*g - 4*w + 7 = 0. Suppose u - 2 = g*u. Let y(o) = 6*o - 1. Determine y(u).
-7
Let y(u) = -2*u**2 + 2*u - 1. Let z(h